).
3
Let p(x) = 3*x + 10. Let k(q) = -2*q - 5. Let y(w) = -5*k(w) - 3*p(w). Give y(5).
0
Let q(m) = 2*m**3 - 2*m**2 - 4*m - 2. Let k(z) = -4*z**3 + 4*z**2 + 9*z + 4. Let f(x) = 3*k(x) + 7*q(x). Give f(2).
4
Let k(l) = -l**2 - l + 12. Let a(b) = -b**2 - 15*b - 17. Let s be a(-12). Let j = -19 + s. Give k(j).
12
Let n be -4*(0 - (-1)/2). Let x(i) = -3 + 22*i**2 - 3*i - 10*i**2 - 5*i**2 - 8*i**2. Give x(n).
-1
Let t(o) = o**2 + 6*o - 3. Suppose -61*y = -63*y - 12. What is t(y)?
-3
Let r(l) be the first derivative of l**4/4 + l**3 + 3*l + 30. Calculate r(-4).
-13
Let b(v) = -v**3 + 8*v**2 - v - 1. Suppose -9*p + 54 + 18 = 0. Give b(p).
-9
Let n(j) = -3*j**3 - 15*j**2 + 16*j**2 - 4 + 33*j - 32*j + 2*j**3. Give n(3).
-19
Let i(q) be the second derivative of q**2 + 6*q + 0 + 1/3*q**3. What is i(-5)?
-8
Let f(k) = k**2 - 16*k - 30. Let t be f(18). Let q(x) be the third derivative of 0*x + 0 + 1/60*x**5 + 2*x**2 + 1/120*x**t - 1/3*x**3 - 1/24*x**4. Give q(-2).
-4
Suppose a = -0 - 3. Let n be (-2)/(-6) + (-11)/a. Let j(c) be the third derivative of -c**5/60 + c**4/8 + c**3/6 + 382*c**2. What is j(n)?
-3
Let x(k) = k**3 - 4*k**2 - 2. Suppose 2*m - 2 = 4. Give x(m).
-11
Suppose 2*o - 3*o + k - 4 = 0, -4*k = -5*o - 15. Let f = o - -2. Let m(i) = -i - 1. Let r(a) = a. Let q(j) = f*r(j) + 4*m(j). Give q(-3).
-1
Let s be 4/8 + -4 + 21/14. Let p(i) be the third derivative of i**6/120 + i**5/20 + i**4/24 - i**2. Calculate p(s).
2
Let k be 0 + -1 + 1 + 1. Let n(q) = 1 + q - 2*q + 2*q + 3*q**2. Let t(w) = 4*w**2 + 2*w + 2. Let b(z) = -3*n(z) + 2*t(z). Determine b(k).
1
Let w(i) = 5*i**3 + 18*i**2 - 7*i + 10. Let g(k) = -2*k**3 - 6*k**2 + 2*k - 3. Let o(d) = -8*g(d) - 3*w(d). Suppose 3*q = q + 10. Calculate o(q).
-6
Let w be 1 + 0 + 144/16. Let o(f) = f + 7. Calculate o(w).
17
Let d(n) = n**2 - 3. Suppose -2*w + 80 - 2 = 0. Suppose 9 - w = 2*t + 4*g, 5*t - 5*g + 15 = 0. Let l = t + 10. Calculate d(l).
6
Let u(l) = l**2 + l. Let c(k) = k**3 - 2*k**2 + k - 2. Let r = -1 - -2. Let p be r/((-9)/6)*-3. Let b be c(p). What is u(b)?
0
Let k(m) be the first derivative of -m**2/2 - m - 1. Let f(p) = 15*p - 27. Let t(a) = -7*a + 13. Let d(c) = 6*f(c) + 13*t(c). Let y be d(7). What is k(y)?
-1
Suppose -c = -2*c + 7. Let b(l) = l - 3. Let p be b(c). Let f(d) = d - 5*d**2 + 10*d**2 + 3 - p*d**2. Calculate f(-3).
9
Let u(o) = -3*o**3 + 3*o**2 + 6. Let r(s) = -4*s**3 + 2*s**2 + s + 7. Let n(x) = 2*r(x) - 3*u(x). Give n(4).
-12
Let h(x) be the first derivative of 5*x**4/4 + x**3/3 + 2*x**2 + x - 1. Let w(c) = c**3 + c**2 + c. Let q = -55 + 51. Let l(j) = q*w(j) + h(j). What is l(3)?
1
Let a(h) = -1. Let q(n) = 5*n - 20. Let s(y) = -20*a(y) + q(y). Let r be s(-1). Let k(c) = -4*c - 6. Let f(l) = 6*l + 9. Let u(o) = r*f(o) - 8*k(o). Give u(-3).
-3
Suppose -2*a + 3*a = 6. Let v(u) = u**2 - 6*u - 1. Determine v(a).
-1
Let q(s) be the third derivative of 3*s**6/40 + s**5/60 + s**4/24 + s**3/6 + 5*s**2. What is q(-1)?
-8
Let y(j) = 0*j**3 - j + 4 - 3 + 5*j + 9*j**2 + 4*j**3. Let f(m) = 7*m**3 + 17*m**2 + 7*m + 3. Let v(a) = -3*f(a) + 5*y(a). Calculate v(-6).
2
Let s(b) be the third derivative of b**6/120 - b**5/12 - b**4/4 + 5*b**3/6 + 3*b**2. Let m be s(6). Let u(c) = -c**2 + 3*c - 5. Give u(m).
-15
Let k(m) be the second derivative of m**4/12 - m**3/2 + 3*m**2/2 + 4*m. Suppose -4*l + 7*l = 12. What is k(l)?
7
Let l(i) be the third derivative of -i**6/120 - i**5/15 + i**4/4 + i**3/6 + 11*i**2. Let u = -7 + 2. Give l(u).
-4
Let r be (76/16 + -4)/3*12. Let q(b) be the first derivative of -2 - 1/3*b**3 - b**2 - r*b. Give q(-3).
-6
Let z = 42 + -42. Let v(q) = -q**3 - q**2 - q - 3. Calculate v(z).
-3
Let s be -1 - (3/1 - -1). Let z(q) = q**2 + 10*q - 5. Let j(i) = -i**2 - 11*i + 7. Let g(m) = -5*j(m) - 6*z(m). What is g(s)?
-5
Let p(x) = -2*x**3 + 2*x**2 + 5*x + 1. Let t(z) = 5*z**3 - 4*z**2 - 11*z - 2. Let h(l) = -7*p(l) - 3*t(l). Calculate h(-2).
3
Suppose w - 2*s = 0, -w + 5*s - 1 = 2*s. Let i = 2 - w. Let v(o) be the first derivative of -o**4/4 + 2*o - 2. Determine v(i).
2
Let w(r) = r**2 - r + 13. Let x = 19 + -9. Let z = x + -10. Give w(z).
13
Suppose -4*c + 21 = -11. Let n = c - 2. Let k(f) = f**2 - 6*f + 1. Calculate k(n).
1
Let g(d) = -d**3 - 3*d**2 + 5*d + 5. Let t be g(-4). Let q be (6/(-3) - -10)*t. Let b(c) = -c**2 + c**3 - 2*c - 2*c**3 + 4 - 2*c + q*c. Give b(-3).
10
Let i be (2 - (-1 + 3))/(-3). Let q = -8 - -11. Let x(u) = -q + 0 + 0*u - u + 0*u. What is x(i)?
-3
Let q(x) be the first derivative of -x**3/3 - x**2/2 - x + 1. Let j be 1 + 12 + 6 + -9. Let i be (-36)/15 + 4/j. Give q(i).
-3
Let u(g) be the second derivative of 1/20*g**5 + 6*g + 0 - 1/3*g**3 + 2*g**2 - 1/4*g**4. Give u(3).
-2
Let h(n) = -n + 6. Let l(g) = -g - 1. Let p(x) = -1. Let k(z) = -l(z) + 5*p(z). Let d be k(7). What is h(d)?
3
Suppose 2*j = 3*q + 12, -2*q - 3*j + 8 = 3. Let s(c) = 2 - 36*c + c**2 + 0*c**2 + 38*c. Determine s(q).
2
Let m(l) = 10 - 47*l + 93*l - 4 - 47*l. Give m(0).
6
Let k(q) = -q**2 + 8*q - 7. Let t = 73 - 67. Determine k(t).
5
Let p(y) = y**3 + 4*y**2 + 3*y + 2. Let h be (-9)/(-27) - 20/6. What is p(h)?
2
Let k(l) = 12*l - 4. Let b(j) = 4*j - 1. Suppose -5*i - 35 = -2*a + 4*a, -a = -2*i - 14. Let g(r) = i*b(r) + 2*k(r). What is g(-1)?
3
Let n(h) = -10*h**2 + 5*h - 8. Let o(r) = -9*r**2 + 4*r - 7. Let l(s) = -6*n(s) + 7*o(s). What is l(-2)?
-9
Let a = 93 + -89. Let v(q) = -q**2 + q + 1. What is v(a)?
-11
Let l(n) be the second derivative of 7*n**5/20 + n**3/6 + n. Let k(y) = y**2 - 5*y - 6. Let u be k(5). Let s be (u/9)/(6/(-9)). Determine l(s).
8
Let w(v) be the first derivative of -v**4/4 + v**3/3 - v + 53. Let c = 2 + -2. Determine w(c).
-1
Let p = -13 + 18. Let c(a) be the first derivative of -a**2/2 + 8*a - 2. Give c(p).
3
Suppose -k = -3*m + 6*m - 29, -5*m - 3*k + 47 = 0. Let p be 2/(-5) - (-24)/m. Let r(u) = 2*u + 1 - 4*u - p*u + u**2. What is r(4)?
1
Let h(i) = i**2 + 4*i + 2*i + 2 - 5 - 1. Let n be ((-14)/5)/(4/20). Let a = 9 + n. Calculate h(a).
-9
Suppose 2*n + 5 = 5*r - 0*n, -r + 4*n = -1. Let o = 2 - r. Let m(q) = 0*q - 5*q**3 - 5*q**2 + 3*q**2 + 2*q - 1. Give m(o).
-6
Let t(j) = j**2 - 8*j + 6. Let q be (-1)/(-2*2/28). Give t(q).
-1
Let i(h) = -3*h + 3. Let y = 4 - -4. Let v be (y + -1 - 2)/1. Calculate i(v).
-12
Let y(h) = -3*h + 1. Let p be (2 - 12/(-4)) + 4/(-1). What is y(p)?
-2
Let r(u) = -u**3 + 6*u**2 - 4*u - 1. Let a = 55 - 35. Suppose -a = o - 5*o. Determine r(o).
4
Let t(z) = z**2 + 1. Let m be 4/(-6) - (-8)/3. Let o = m - -1. Calculate t(o).
10
Let d(y) = -y**3 - 4*y**2 - 3*y + 2. Suppose 0 = 4*j + 2 + 6. Let x(u) = -u**2 - 2*u - 3. Let l be x(j). Give d(l).
2
Let t(o) = -8*o**2 - o. Let r be 9/((-27)/6) + 4. Let i be (0 - 2) + 2 + 0. Suppose 2*d = -i*d - r. Determine t(d).
-7
Let f(v) be the second derivative of -1/6*v**4 + 0 + 4*v + v**2 + 1/6*v**3. Calculate f(2).
-4
Let n(b) = 3*b**2 + 18*b + 1 - 2*b**2 - 19*b - 4*b**2. Let f = -3 - -1. Give n(f).
-9
Let h(n) be the second derivative of n**3/3 - n**2 - n. Let k(f) = f**2 - 2*f - 4. Let q = -9 + 13. Let w be k(q). What is h(w)?
6
Let t(m) = m**3 - 7*m**2 + 4*m + 6. Suppose 6 = w + s + 3*s, -4*w = -4*s - 24. What is t(w)?
-6
Let w = -4 + 6. Let y(j) = 3*j - 1 - 4*j + w*j. Calculate y(0).
-1
Let h(u) = -14 + 482*u + u**2 + 3 - 491*u. Give h(10).
-1
Let u = 1 - -2. Let w(m) = m**2 - 2*m - 7. Let y be w(u). Let p(f) be the first derivative of -f**2/2 - f + 1. Give p(y).
3
Let d(w) = -w**2 - 4*w + 5. Let u be d(-4). Let n(g) = 0*g - u*g + 8*g + 3. Give n(-2).
-3
Let h(n) = -n - 8. Let u(y) = -y - 7. Let g(l) = -3*h(l) + 4*u(l). Calculate g(-4).
0
Let j(o) = 11*o**2 - 17*o + 1. Let g(s) = 7*s**2 - 11*s + 1. Let u(l) = 8*g(l) - 5*j(l). Let z be (-3)/21 - (-44)/14. Calculate u(z).
3
Let i(b) = -5 + 3 - 4*b + 5*b + 6. What is i(-4)?
0
Let f(g) be the first derivative of g**3/3 + 2*g**2 - 7*g - 3. Let x(c) = -4*c - 3. Let a be x(-4). Let b = -18 + a. Calculate f(b).
-2
Let x(o) = o**2 - 6*o - 4. Let g be (1 + (-6)/9)*15. Calculate x(g).
-9
Let n(y) = -y**2 + 5*y. Let o(q) = 4*q**2 - q + 1. Let r be o(-2). Suppose 5*m - 11 - r = 0. Determine n(m).
-6
Let f(h) be the first derivative of h**6/360 + h**5/30 - h**4/4 + 2*h**3/3 + 1. Let u(o) be the third derivative of f(o). Determine u(-5).
-1
Let r(z) be the first de